{"id":84,"date":"2013-03-29T20:41:23","date_gmt":"2013-03-29T19:41:23","guid":{"rendered":"http:\/\/cox.pl84fun.eu\/?page_id=84"},"modified":"2013-03-31T20:04:30","modified_gmt":"2013-03-31T19:04:30","slug":"decoupe-des-longerons-et-meulage-de-boulons","status":"publish","type":"page","link":"https:\/\/cox.pl84fun.eu\/?page_id=84","title":{"rendered":"D\u00e9coupe des longerons et meulage de boulons"},"content":{"rendered":"<p>Les 2 boulons maintenants les support d&rsquo;amortisseurs arri\u00e8res ont \u00e9t\u00e9s meul\u00e9s car impossibles \u00e0 retirer.<\/p>\n<p>Les longerons d&rsquo;origine compl\u00e8tement rouill\u00e9s ont \u00e9t\u00e9s rafistol\u00e9s par des toles \u00ab\u00a0form\u00e9es\u00a0\u00bb qui ont \u00e9t\u00e9es soud\u00e9es sur la coque et le chassis. Cela rend le d\u00e9coquage impossible et il faut par cons\u00e9quent les d\u00e9couper afin de permettre la s\u00e9paration de la coque et du chassis.<\/p>\n<p>Les 4 boulons pr\u00e9sents sous le nez de chassis sont eux trop rouill\u00e9s pour \u00eatre retir\u00e9s avec une douille. Il faut donc les meuler afin de pouvoir par la suite d\u00e9coquer.<\/p>\n<div class=\"flagallery phantom_skin\" id=\"FlaGallery_sc1_4\" ><style type=\"text\/css\" class=\"flagallery_skin_style_import\">#FlaGallery_sc1_4 .flagPhantom_ThumbContainer {width:200px; height:180px;}#FlaGallery_sc1_4 .flagPhantom_MobileView .flagPhantom_ThumbContainer {width:150px; height:135px;}#FlaGallery_sc1_4 .flagPhantom_Container {margin-left:auto;margin-right:auto;}#FlaGallery_sc1_4 .flagPhantom_ThumbContainer {margin:8px 0 0 8px;}#FlaGallery_sc1_4 .flagPhantom_ThumbContainer {padding:2px;}#FlaGallery_sc1_4 .flagPhantom_LabelBottom .flagPhantom_ThumbContainer {padding-bottom:36px;}#FlaGallery_sc1_4 .flagPhantom_ThumbContainer,#FlaGallery_sc1_4 .flagPhantom_LabelBottom .flagPhantom_ThumbLabel {background-color:#ffffff;}#FlaGallery_sc1_4 .flagPhantom_ThumbContainer .flagPhantom_Thumb {opacity:0.9;}#FlaGallery_sc1_4 .flagPhantom_ThumbContainer:hover .flagPhantom_Thumb {opacity:1;}#FlaGallery_sc1_4 .flagPhantom_ThumbContainer {border:1px solid #cccccc;}#FlaGallery_sc1_4 .flagPhantom_ThumbContainer {box-shadow:0 0 5px -2px #cccccc;}#FlaGallery_sc1_4 .flagPhantom_ThumbLabel {color:#0b0b0b;}#FlaGallery_sc1_4 .flagPhantom_ThumbLabel a {color:#3695E7;}#FlaGallery_sc1_4 .flagPhantom_LabelInside .flagPhantom_ThumbLabel,#FlaGallery_sc1_4 .flagPhantom_LabelHover .flagPhantom_ThumbLabel {color:#ffffff;}#FlaGallery_sc1_4 .flagPhantom_LabelInside .flagPhantom_ThumbLabel a,#FlaGallery_sc1_4 .flagPhantom_LabelHover .flagPhantom_ThumbLabel a,#FlaGallery_sc1_4 .flagPhantom_LabelInside .flagPhantom_ThumbLabel a:hover,#FlaGallery_sc1_4 .flagPhantom_LabelHover .flagPhantom_ThumbLabel a:hover {color:#e7e179;}<\/style> <div class=\"flagPhantom_Container noLightbox\" style=\"opacity:0\"> <h3> D\u00e9coupe des longerons et meulage de boulons part 1<\/h3> <div class=\"flagPhantom_thumbsWrapper flagPhantom_ThumbScale flagPhantom_LabelHover\"> <\/div> <\/div> <script type=\"text\/javascript\"> jQuery(function(){ var settings = {\"maxheight\":\"0\",\"thumbCols\":\"0\",\"thumbRows\":\"0\",\"thumbsNavigation\":\"scroll\",\"bgColor\":\"#ffffff\",\"bgAlpha\":\"0\",\"thumbWidth\":\"200\",\"thumbHeight\":\"180\",\"thumbWidthMobile\":\"150\",\"thumbHeightMobile\":\"135\",\"thumbsSpacing\":\"8\",\"thumbsVerticalPadding\":\"4\",\"thumbsHorizontalPadding\":\"4\",\"thumbsAlign\":\"center\",\"thumbScale\":\"1\",\"thumbBG\":\"#ffffff\",\"thumbAlpha\":\"90\",\"thumbAlphaHover\":\"100\",\"thumbBorderSize\":\"1\",\"thumbBorderColor\":\"#cccccc\",\"thumbPadding\":\"2\",\"thumbsInfo\":\"label\",\"labelOnHover\":\"1\",\"labelTextColor\":\"#ffffff\",\"labelLinkColor\":\"#e7e179\",\"label8TextColor\":\"#0b0b0b\",\"label8LinkColor\":\"#3695E7\",\"tooltipTextColor\":\"#0b0b0b\",\"tooltipBgColor\":\"#ffffff\",\"tooltipStrokeColor\":\"#000000\",\"lightboxControlsColor\":\"#ffffff\",\"lightboxTitleColor\":\"#f3f3f3\",\"lightboxTextColor\":\"#f3f3f3\",\"lightboxBGColor\":\"#0b0b0b\",\"lightboxBGAlpha\":\"80\",\"socialShareEnabled\":\"1\",\"deepLinks\":\"1\",\"sidebarBGColor\":\"#ffffff\",\"lightbox800HideArrows\":\"0\",\"viewsEnabled\":\"1\",\"likesEnabled\":\"1\",\"thumb2link\":\"0\",\"show_title\":\"1\",\"initRPdelay\":\"200\",\"key\":\"\",\"name\":\"\",\"mfp_css\":\"\\r\\n#mfp_gm_sc1_4 .mfp-arrow-right:after,\\r\\n#mfp_gm_sc1_4 .mfp-arrow-right .mfp-a {border-left-color:#ffffff;}\\r\\n#mfp_gm_sc1_4 .mfp-arrow-left:after,\\r\\n#mfp_gm_sc1_4 .mfp-arrow-left .mfp-a {border-right-color:#ffffff;}\\r\\n#mfp_gm_sc1_4 .mfp-close,\\r\\n#mfp_gm_sc1_4 .mfp-likes,\\r\\n#mfp_gm_sc1_4 .mfp-share {color:#ffffff;}\\r\\n#mfp_gm_sc1_4 .mfp-preloader {background-color:#ffffff;}\\r\\n#mfp_gm_sc1_4 .flagPhantom_title,\\r\\n#mfp_gm_sc1_4 .mfp-counter {color:#f3f3f3;}\\r\\n#mfp_gm_sc1_4 .flagPhantom_text {color:#f3f3f3;}\\r\\n#mfp_gm_sc1_4_bg.mfp-bg {background-color:#0b0b0b;}\\r\\n#mfp_gm_sc1_4_bg.mfp-bg {opacity:0.8;}\\r\\n#mfp_gm_sc1_4_bg.mfp-zoom-in.mfp-bg {opacity:0}\\r\\n#mfp_gm_sc1_4_bg.mfp-zoom-in.mfp-ready.mfp-bg {opacity:0.8;}\\r\\n#mfp_gm_sc1_4_bg.mfp-zoom-in.mfp-removing.mfp-bg {opacity:0}\"}; jQuery('#FlaGallery_sc1_4').flagPhantom([settings]); }); <\/script><\/div><noscript id=\"noscript_FlaGallery_sc1_4\"><\/noscript>\n<p>Et encore quelques d\u00e9coupes.<\/p>\n<div class=\"flagallery phantom_skin\" id=\"FlaGallery_sc2_5\" ><style type=\"text\/css\" class=\"flagallery_skin_style_import\">#FlaGallery_sc2_5 .flagPhantom_ThumbContainer {width:200px; height:180px;}#FlaGallery_sc2_5 .flagPhantom_MobileView .flagPhantom_ThumbContainer {width:150px; height:135px;}#FlaGallery_sc2_5 .flagPhantom_Container {margin-left:auto;margin-right:auto;}#FlaGallery_sc2_5 .flagPhantom_ThumbContainer {margin:8px 0 0 8px;}#FlaGallery_sc2_5 .flagPhantom_ThumbContainer {padding:2px;}#FlaGallery_sc2_5 .flagPhantom_LabelBottom .flagPhantom_ThumbContainer {padding-bottom:36px;}#FlaGallery_sc2_5 .flagPhantom_ThumbContainer,#FlaGallery_sc2_5 .flagPhantom_LabelBottom .flagPhantom_ThumbLabel {background-color:#ffffff;}#FlaGallery_sc2_5 .flagPhantom_ThumbContainer .flagPhantom_Thumb {opacity:0.9;}#FlaGallery_sc2_5 .flagPhantom_ThumbContainer:hover .flagPhantom_Thumb {opacity:1;}#FlaGallery_sc2_5 .flagPhantom_ThumbContainer {border:1px solid #cccccc;}#FlaGallery_sc2_5 .flagPhantom_ThumbContainer {box-shadow:0 0 5px -2px #cccccc;}#FlaGallery_sc2_5 .flagPhantom_ThumbLabel {color:#0b0b0b;}#FlaGallery_sc2_5 .flagPhantom_ThumbLabel a {color:#3695E7;}#FlaGallery_sc2_5 .flagPhantom_LabelInside .flagPhantom_ThumbLabel,#FlaGallery_sc2_5 .flagPhantom_LabelHover .flagPhantom_ThumbLabel {color:#ffffff;}#FlaGallery_sc2_5 .flagPhantom_LabelInside .flagPhantom_ThumbLabel a,#FlaGallery_sc2_5 .flagPhantom_LabelHover .flagPhantom_ThumbLabel a,#FlaGallery_sc2_5 .flagPhantom_LabelInside .flagPhantom_ThumbLabel a:hover,#FlaGallery_sc2_5 .flagPhantom_LabelHover .flagPhantom_ThumbLabel a:hover {color:#e7e179;}<\/style> <div class=\"flagPhantom_Container noLightbox\" style=\"opacity:0\"> <h3>D\u00e9coupe des longerons et meulage de boulons part 2<\/h3> <div class=\"flagPhantom_thumbsWrapper flagPhantom_ThumbScale flagPhantom_LabelHover\"> <\/div> <\/div> <script type=\"text\/javascript\"> jQuery(function(){ var settings = {\"maxheight\":\"0\",\"thumbCols\":\"0\",\"thumbRows\":\"0\",\"thumbsNavigation\":\"scroll\",\"bgColor\":\"#ffffff\",\"bgAlpha\":\"0\",\"thumbWidth\":\"200\",\"thumbHeight\":\"180\",\"thumbWidthMobile\":\"150\",\"thumbHeightMobile\":\"135\",\"thumbsSpacing\":\"8\",\"thumbsVerticalPadding\":\"4\",\"thumbsHorizontalPadding\":\"4\",\"thumbsAlign\":\"center\",\"thumbScale\":\"1\",\"thumbBG\":\"#ffffff\",\"thumbAlpha\":\"90\",\"thumbAlphaHover\":\"100\",\"thumbBorderSize\":\"1\",\"thumbBorderColor\":\"#cccccc\",\"thumbPadding\":\"2\",\"thumbsInfo\":\"label\",\"labelOnHover\":\"1\",\"labelTextColor\":\"#ffffff\",\"labelLinkColor\":\"#e7e179\",\"label8TextColor\":\"#0b0b0b\",\"label8LinkColor\":\"#3695E7\",\"tooltipTextColor\":\"#0b0b0b\",\"tooltipBgColor\":\"#ffffff\",\"tooltipStrokeColor\":\"#000000\",\"lightboxControlsColor\":\"#ffffff\",\"lightboxTitleColor\":\"#f3f3f3\",\"lightboxTextColor\":\"#f3f3f3\",\"lightboxBGColor\":\"#0b0b0b\",\"lightboxBGAlpha\":\"80\",\"socialShareEnabled\":\"1\",\"deepLinks\":\"1\",\"sidebarBGColor\":\"#ffffff\",\"lightbox800HideArrows\":\"0\",\"viewsEnabled\":\"1\",\"likesEnabled\":\"1\",\"thumb2link\":\"0\",\"show_title\":\"1\",\"initRPdelay\":\"200\",\"key\":\"\",\"name\":\"\",\"mfp_css\":\"\\r\\n#mfp_gm_sc2_5 .mfp-arrow-right:after,\\r\\n#mfp_gm_sc2_5 .mfp-arrow-right .mfp-a {border-left-color:#ffffff;}\\r\\n#mfp_gm_sc2_5 .mfp-arrow-left:after,\\r\\n#mfp_gm_sc2_5 .mfp-arrow-left .mfp-a {border-right-color:#ffffff;}\\r\\n#mfp_gm_sc2_5 .mfp-close,\\r\\n#mfp_gm_sc2_5 .mfp-likes,\\r\\n#mfp_gm_sc2_5 .mfp-share {color:#ffffff;}\\r\\n#mfp_gm_sc2_5 .mfp-preloader {background-color:#ffffff;}\\r\\n#mfp_gm_sc2_5 .flagPhantom_title,\\r\\n#mfp_gm_sc2_5 .mfp-counter {color:#f3f3f3;}\\r\\n#mfp_gm_sc2_5 .flagPhantom_text {color:#f3f3f3;}\\r\\n#mfp_gm_sc2_5_bg.mfp-bg {background-color:#0b0b0b;}\\r\\n#mfp_gm_sc2_5_bg.mfp-bg {opacity:0.8;}\\r\\n#mfp_gm_sc2_5_bg.mfp-zoom-in.mfp-bg {opacity:0}\\r\\n#mfp_gm_sc2_5_bg.mfp-zoom-in.mfp-ready.mfp-bg {opacity:0.8;}\\r\\n#mfp_gm_sc2_5_bg.mfp-zoom-in.mfp-removing.mfp-bg {opacity:0}\"}; jQuery('#FlaGallery_sc2_5').flagPhantom([settings]); }); <\/script><\/div><noscript id=\"noscript_FlaGallery_sc2_5\"><\/noscript>\n<p>Et les derni\u00e8res d\u00e9coupes afin de tout s\u00e9parer et de faire sortir les derniers boulons de leurs logements \u00e0 l&rsquo;aide d&rsquo;un cric hydraulique et d&rsquo;un tournevis servant de pointe.<\/p>\n<div class=\"flagallery phantom_skin\" id=\"FlaGallery_sc3_7\" ><style type=\"text\/css\" class=\"flagallery_skin_style_import\">#FlaGallery_sc3_7 .flagPhantom_ThumbContainer {width:200px; height:180px;}#FlaGallery_sc3_7 .flagPhantom_MobileView .flagPhantom_ThumbContainer {width:150px; height:135px;}#FlaGallery_sc3_7 .flagPhantom_Container {margin-left:auto;margin-right:auto;}#FlaGallery_sc3_7 .flagPhantom_ThumbContainer {margin:8px 0 0 8px;}#FlaGallery_sc3_7 .flagPhantom_ThumbContainer {padding:2px;}#FlaGallery_sc3_7 .flagPhantom_LabelBottom .flagPhantom_ThumbContainer {padding-bottom:36px;}#FlaGallery_sc3_7 .flagPhantom_ThumbContainer,#FlaGallery_sc3_7 .flagPhantom_LabelBottom .flagPhantom_ThumbLabel {background-color:#ffffff;}#FlaGallery_sc3_7 .flagPhantom_ThumbContainer .flagPhantom_Thumb {opacity:0.9;}#FlaGallery_sc3_7 .flagPhantom_ThumbContainer:hover .flagPhantom_Thumb {opacity:1;}#FlaGallery_sc3_7 .flagPhantom_ThumbContainer {border:1px solid #cccccc;}#FlaGallery_sc3_7 .flagPhantom_ThumbContainer {box-shadow:0 0 5px -2px #cccccc;}#FlaGallery_sc3_7 .flagPhantom_ThumbLabel {color:#0b0b0b;}#FlaGallery_sc3_7 .flagPhantom_ThumbLabel a {color:#3695E7;}#FlaGallery_sc3_7 .flagPhantom_LabelInside .flagPhantom_ThumbLabel,#FlaGallery_sc3_7 .flagPhantom_LabelHover .flagPhantom_ThumbLabel {color:#ffffff;}#FlaGallery_sc3_7 .flagPhantom_LabelInside .flagPhantom_ThumbLabel a,#FlaGallery_sc3_7 .flagPhantom_LabelHover .flagPhantom_ThumbLabel a,#FlaGallery_sc3_7 .flagPhantom_LabelInside .flagPhantom_ThumbLabel a:hover,#FlaGallery_sc3_7 .flagPhantom_LabelHover .flagPhantom_ThumbLabel a:hover {color:#e7e179;}<\/style> <div class=\"flagPhantom_Container noLightbox\" style=\"opacity:0\"> <h3>D\u00e9coupe des longerons et meulage de boulons part 3<\/h3> <div class=\"flagPhantom_thumbsWrapper flagPhantom_ThumbScale flagPhantom_LabelHover\"> <\/div> <\/div> <script type=\"text\/javascript\"> jQuery(function(){ var settings = {\"maxheight\":\"0\",\"thumbCols\":\"0\",\"thumbRows\":\"0\",\"thumbsNavigation\":\"scroll\",\"bgColor\":\"#ffffff\",\"bgAlpha\":\"0\",\"thumbWidth\":\"200\",\"thumbHeight\":\"180\",\"thumbWidthMobile\":\"150\",\"thumbHeightMobile\":\"135\",\"thumbsSpacing\":\"8\",\"thumbsVerticalPadding\":\"4\",\"thumbsHorizontalPadding\":\"4\",\"thumbsAlign\":\"center\",\"thumbScale\":\"1\",\"thumbBG\":\"#ffffff\",\"thumbAlpha\":\"90\",\"thumbAlphaHover\":\"100\",\"thumbBorderSize\":\"1\",\"thumbBorderColor\":\"#cccccc\",\"thumbPadding\":\"2\",\"thumbsInfo\":\"label\",\"labelOnHover\":\"1\",\"labelTextColor\":\"#ffffff\",\"labelLinkColor\":\"#e7e179\",\"label8TextColor\":\"#0b0b0b\",\"label8LinkColor\":\"#3695E7\",\"tooltipTextColor\":\"#0b0b0b\",\"tooltipBgColor\":\"#ffffff\",\"tooltipStrokeColor\":\"#000000\",\"lightboxControlsColor\":\"#ffffff\",\"lightboxTitleColor\":\"#f3f3f3\",\"lightboxTextColor\":\"#f3f3f3\",\"lightboxBGColor\":\"#0b0b0b\",\"lightboxBGAlpha\":\"80\",\"socialShareEnabled\":\"1\",\"deepLinks\":\"1\",\"sidebarBGColor\":\"#ffffff\",\"lightbox800HideArrows\":\"0\",\"viewsEnabled\":\"1\",\"likesEnabled\":\"1\",\"thumb2link\":\"0\",\"show_title\":\"1\",\"initRPdelay\":\"200\",\"key\":\"\",\"name\":\"\",\"mfp_css\":\"\\r\\n#mfp_gm_sc3_7 .mfp-arrow-right:after,\\r\\n#mfp_gm_sc3_7 .mfp-arrow-right .mfp-a {border-left-color:#ffffff;}\\r\\n#mfp_gm_sc3_7 .mfp-arrow-left:after,\\r\\n#mfp_gm_sc3_7 .mfp-arrow-left .mfp-a {border-right-color:#ffffff;}\\r\\n#mfp_gm_sc3_7 .mfp-close,\\r\\n#mfp_gm_sc3_7 .mfp-likes,\\r\\n#mfp_gm_sc3_7 .mfp-share {color:#ffffff;}\\r\\n#mfp_gm_sc3_7 .mfp-preloader {background-color:#ffffff;}\\r\\n#mfp_gm_sc3_7 .flagPhantom_title,\\r\\n#mfp_gm_sc3_7 .mfp-counter {color:#f3f3f3;}\\r\\n#mfp_gm_sc3_7 .flagPhantom_text {color:#f3f3f3;}\\r\\n#mfp_gm_sc3_7_bg.mfp-bg {background-color:#0b0b0b;}\\r\\n#mfp_gm_sc3_7_bg.mfp-bg {opacity:0.8;}\\r\\n#mfp_gm_sc3_7_bg.mfp-zoom-in.mfp-bg {opacity:0}\\r\\n#mfp_gm_sc3_7_bg.mfp-zoom-in.mfp-ready.mfp-bg {opacity:0.8;}\\r\\n#mfp_gm_sc3_7_bg.mfp-zoom-in.mfp-removing.mfp-bg {opacity:0}\"}; jQuery('#FlaGallery_sc3_7').flagPhantom([settings]); }); <\/script><\/div><noscript id=\"noscript_FlaGallery_sc3_7\"><\/noscript>\n<p>&nbsp;<\/p>\n","protected":false},"excerpt":{"rendered":"<p>Les 2 boulons maintenants les support d&rsquo;amortisseurs arri\u00e8res ont \u00e9t\u00e9s meul\u00e9s car impossibles \u00e0 retirer. Les longerons d&rsquo;origine compl\u00e8tement rouill\u00e9s ont \u00e9t\u00e9s rafistol\u00e9s par des toles \u00ab\u00a0form\u00e9es\u00a0\u00bb qui ont \u00e9t\u00e9es soud\u00e9es sur la coque et le chassis. Cela rend le d\u00e9coquage impossible et il faut par cons\u00e9quent les d\u00e9couper afin \u2026 <a class=\"continue-reading-link\" href=\"https:\/\/cox.pl84fun.eu\/?page_id=84\"> Continue reading <span class=\"meta-nav\">&rarr; <\/span><\/a><\/p>\n","protected":false},"author":1,"featured_media":0,"parent":27,"menu_order":4,"comment_status":"closed","ping_status":"closed","template":"","meta":{"footnotes":""},"class_list":["post-84","page","type-page","status-publish","hentry"],"yoast_head":"<!-- This site is optimized with the Yoast SEO plugin v24.1 - https:\/\/yoast.com\/wordpress\/plugins\/seo\/ -->\n<title>D\u00e9coupe des longerons et meulage de boulons - Cox 4 fun<\/title>\n<meta name=\"robots\" content=\"noindex, follow, max-snippet:-1, max-image-preview:large, max-video-preview:-1\" \/>\n<meta property=\"og:locale\" content=\"fr_FR\" \/>\n<meta property=\"og:type\" content=\"article\" \/>\n<meta property=\"og:title\" content=\"D\u00e9coupe des longerons et meulage de boulons - Cox 4 fun\" \/>\n<meta property=\"og:description\" content=\"Les 2 boulons maintenants les support d&rsquo;amortisseurs arri\u00e8res ont \u00e9t\u00e9s meul\u00e9s car impossibles \u00e0 retirer. Les longerons d&rsquo;origine compl\u00e8tement rouill\u00e9s ont \u00e9t\u00e9s rafistol\u00e9s par des toles \u00ab\u00a0form\u00e9es\u00a0\u00bb qui ont \u00e9t\u00e9es soud\u00e9es sur la coque et le chassis. Cela rend le d\u00e9coquage impossible et il faut par cons\u00e9quent les d\u00e9couper afin \u2026 Continue reading &rarr;\" \/>\n<meta property=\"og:url\" content=\"https:\/\/cox.pl84fun.eu\/?page_id=84\" \/>\n<meta property=\"og:site_name\" content=\"Cox 4 fun\" \/>\n<meta property=\"article:modified_time\" content=\"2013-03-31T19:04:30+00:00\" \/>\n<meta name=\"twitter:card\" content=\"summary_large_image\" \/>\n<meta name=\"twitter:label1\" content=\"Dur\u00e9e de lecture estim\u00e9e\" \/>\n\t<meta name=\"twitter:data1\" content=\"1 minute\" \/>\n<script type=\"application\/ld+json\" class=\"yoast-schema-graph\">{\"@context\":\"https:\/\/schema.org\",\"@graph\":[{\"@type\":\"WebPage\",\"@id\":\"https:\/\/cox.pl84fun.eu\/?page_id=84\",\"url\":\"https:\/\/cox.pl84fun.eu\/?page_id=84\",\"name\":\"D\u00e9coupe des longerons et meulage de boulons - Cox 4 fun\",\"isPartOf\":{\"@id\":\"https:\/\/cox.pl84fun.eu\/#website\"},\"datePublished\":\"2013-03-29T19:41:23+00:00\",\"dateModified\":\"2013-03-31T19:04:30+00:00\",\"breadcrumb\":{\"@id\":\"https:\/\/cox.pl84fun.eu\/?page_id=84#breadcrumb\"},\"inLanguage\":\"fr-FR\",\"potentialAction\":[{\"@type\":\"ReadAction\",\"target\":[\"https:\/\/cox.pl84fun.eu\/?page_id=84\"]}]},{\"@type\":\"BreadcrumbList\",\"@id\":\"https:\/\/cox.pl84fun.eu\/?page_id=84#breadcrumb\",\"itemListElement\":[{\"@type\":\"ListItem\",\"position\":1,\"name\":\"Accueil\",\"item\":\"https:\/\/cox.pl84fun.eu\/\"},{\"@type\":\"ListItem\",\"position\":2,\"name\":\"Restauration cox 1303L\",\"item\":\"https:\/\/cox.pl84fun.eu\/?page_id=27\"},{\"@type\":\"ListItem\",\"position\":3,\"name\":\"D\u00e9coupe des longerons et meulage de boulons\"}]},{\"@type\":\"WebSite\",\"@id\":\"https:\/\/cox.pl84fun.eu\/#website\",\"url\":\"https:\/\/cox.pl84fun.eu\/\",\"name\":\"Cox 4 fun\",\"description\":\"Un amour pour les cox depuis que j&#039;ai vu Choupette et son c\u00e9l\u00e8bre n\u00b053.\",\"potentialAction\":[{\"@type\":\"SearchAction\",\"target\":{\"@type\":\"EntryPoint\",\"urlTemplate\":\"https:\/\/cox.pl84fun.eu\/?s={search_term_string}\"},\"query-input\":{\"@type\":\"PropertyValueSpecification\",\"valueRequired\":true,\"valueName\":\"search_term_string\"}}],\"inLanguage\":\"fr-FR\"}]}<\/script>\n<!-- \/ Yoast SEO plugin. -->","yoast_head_json":{"title":"D\u00e9coupe des longerons et meulage de boulons - Cox 4 fun","robots":{"index":"noindex","follow":"follow","max-snippet":"max-snippet:-1","max-image-preview":"max-image-preview:large","max-video-preview":"max-video-preview:-1"},"og_locale":"fr_FR","og_type":"article","og_title":"D\u00e9coupe des longerons et meulage de boulons - Cox 4 fun","og_description":"Les 2 boulons maintenants les support d&rsquo;amortisseurs arri\u00e8res ont \u00e9t\u00e9s meul\u00e9s car impossibles \u00e0 retirer. Les longerons d&rsquo;origine compl\u00e8tement rouill\u00e9s ont \u00e9t\u00e9s rafistol\u00e9s par des toles \u00ab\u00a0form\u00e9es\u00a0\u00bb qui ont \u00e9t\u00e9es soud\u00e9es sur la coque et le chassis. Cela rend le d\u00e9coquage impossible et il faut par cons\u00e9quent les d\u00e9couper afin \u2026 Continue reading &rarr;","og_url":"https:\/\/cox.pl84fun.eu\/?page_id=84","og_site_name":"Cox 4 fun","article_modified_time":"2013-03-31T19:04:30+00:00","twitter_card":"summary_large_image","twitter_misc":{"Dur\u00e9e de lecture estim\u00e9e":"1 minute"},"schema":{"@context":"https:\/\/schema.org","@graph":[{"@type":"WebPage","@id":"https:\/\/cox.pl84fun.eu\/?page_id=84","url":"https:\/\/cox.pl84fun.eu\/?page_id=84","name":"D\u00e9coupe des longerons et meulage de boulons - Cox 4 fun","isPartOf":{"@id":"https:\/\/cox.pl84fun.eu\/#website"},"datePublished":"2013-03-29T19:41:23+00:00","dateModified":"2013-03-31T19:04:30+00:00","breadcrumb":{"@id":"https:\/\/cox.pl84fun.eu\/?page_id=84#breadcrumb"},"inLanguage":"fr-FR","potentialAction":[{"@type":"ReadAction","target":["https:\/\/cox.pl84fun.eu\/?page_id=84"]}]},{"@type":"BreadcrumbList","@id":"https:\/\/cox.pl84fun.eu\/?page_id=84#breadcrumb","itemListElement":[{"@type":"ListItem","position":1,"name":"Accueil","item":"https:\/\/cox.pl84fun.eu\/"},{"@type":"ListItem","position":2,"name":"Restauration cox 1303L","item":"https:\/\/cox.pl84fun.eu\/?page_id=27"},{"@type":"ListItem","position":3,"name":"D\u00e9coupe des longerons et meulage de boulons"}]},{"@type":"WebSite","@id":"https:\/\/cox.pl84fun.eu\/#website","url":"https:\/\/cox.pl84fun.eu\/","name":"Cox 4 fun","description":"Un amour pour les cox depuis que j&#039;ai vu Choupette et son c\u00e9l\u00e8bre n\u00b053.","potentialAction":[{"@type":"SearchAction","target":{"@type":"EntryPoint","urlTemplate":"https:\/\/cox.pl84fun.eu\/?s={search_term_string}"},"query-input":{"@type":"PropertyValueSpecification","valueRequired":true,"valueName":"search_term_string"}}],"inLanguage":"fr-FR"}]}},"_links":{"self":[{"href":"https:\/\/cox.pl84fun.eu\/index.php?rest_route=\/wp\/v2\/pages\/84","targetHints":{"allow":["GET"]}}],"collection":[{"href":"https:\/\/cox.pl84fun.eu\/index.php?rest_route=\/wp\/v2\/pages"}],"about":[{"href":"https:\/\/cox.pl84fun.eu\/index.php?rest_route=\/wp\/v2\/types\/page"}],"author":[{"embeddable":true,"href":"https:\/\/cox.pl84fun.eu\/index.php?rest_route=\/wp\/v2\/users\/1"}],"replies":[{"embeddable":true,"href":"https:\/\/cox.pl84fun.eu\/index.php?rest_route=%2Fwp%2Fv2%2Fcomments&post=84"}],"version-history":[{"count":0,"href":"https:\/\/cox.pl84fun.eu\/index.php?rest_route=\/wp\/v2\/pages\/84\/revisions"}],"up":[{"embeddable":true,"href":"https:\/\/cox.pl84fun.eu\/index.php?rest_route=\/wp\/v2\/pages\/27"}],"wp:attachment":[{"href":"https:\/\/cox.pl84fun.eu\/index.php?rest_route=%2Fwp%2Fv2%2Fmedia&parent=84"}],"curies":[{"name":"wp","href":"https:\/\/api.w.org\/{rel}","templated":true}]}}